{"id":45,"date":"2018-04-29T21:55:04","date_gmt":"2018-04-29T19:55:04","guid":{"rendered":"http:\/\/mooc3.politechnicart.net\/aminauty\/?page_id=45"},"modified":"2018-04-29T21:55:04","modified_gmt":"2018-04-29T19:55:04","slug":"a-propos","status":"publish","type":"page","link":"http:\/\/mooc3.politechnicart.net\/aminauty\/a-propos\/","title":{"rendered":"A propos"},"content":{"rendered":"<p>Nous sommes deux \u00e9tudiantes en troisi\u00e8me ann\u00e9e de licence sciences sociales parcours industries culturelles, arts et soci\u00e9t\u00e9s. Dans le cadre d&#8217;un cours portant sur les nouveaux moyens de communications et du num\u00e9rique nous avons choisi de nous int\u00e9resser \u00e0 une application qui met en sc\u00e8ne des communaut\u00e9s digitales (mais pas seulement !) plurielles : Amino.<\/p>\n<p>Nous esp\u00e9rons que ce mooc vous plaira et vous aura appris des choses int\u00e9ressantes sur les communaut\u00e9s et ses membres sur Amino.<\/p>\n<p>Car oui, une application peut \u00eatre un terrain d&#8217;enqu\u00eate sociologique !<\/p>\n<p>&nbsp;<\/p>\n<p><img decoding=\"async\" loading=\"lazy\" class=\"aligncenter wp-image-46 size-full\" src=\"http:\/\/mooc3.politechnicart.net\/aminauty\/wp-content\/uploads\/sites\/9\/2018\/04\/tenor.gif\" alt=\"\" width=\"498\" height=\"280\" \/><\/p>\n","protected":false},"excerpt":{"rendered":"<p>Nous sommes deux \u00e9tudiantes en troisi\u00e8me ann\u00e9e de licence sciences sociales parcours industries culturelles, arts et soci\u00e9t\u00e9s. Dans le cadre &hellip; <\/p>\n<p class=\"link-more\"><a href=\"http:\/\/mooc3.politechnicart.net\/aminauty\/a-propos\/\" class=\"more-link\">Continuer la lecture<span class=\"screen-reader-text\"> de &laquo;&nbsp;A propos&nbsp;&raquo;<\/span><\/a><\/p>\n","protected":false},"author":9,"featured_media":0,"parent":0,"menu_order":0,"comment_status":"closed","ping_status":"closed","template":"","meta":{"footnotes":""},"_links":{"self":[{"href":"http:\/\/mooc3.politechnicart.net\/aminauty\/wp-json\/wp\/v2\/pages\/45"}],"collection":[{"href":"http:\/\/mooc3.politechnicart.net\/aminauty\/wp-json\/wp\/v2\/pages"}],"about":[{"href":"http:\/\/mooc3.politechnicart.net\/aminauty\/wp-json\/wp\/v2\/types\/page"}],"author":[{"embeddable":true,"href":"http:\/\/mooc3.politechnicart.net\/aminauty\/wp-json\/wp\/v2\/users\/9"}],"replies":[{"embeddable":true,"href":"http:\/\/mooc3.politechnicart.net\/aminauty\/wp-json\/wp\/v2\/comments?post=45"}],"version-history":[{"count":1,"href":"http:\/\/mooc3.politechnicart.net\/aminauty\/wp-json\/wp\/v2\/pages\/45\/revisions"}],"predecessor-version":[{"id":47,"href":"http:\/\/mooc3.politechnicart.net\/aminauty\/wp-json\/wp\/v2\/pages\/45\/revisions\/47"}],"wp:attachment":[{"href":"http:\/\/mooc3.politechnicart.net\/aminauty\/wp-json\/wp\/v2\/media?parent=45"}],"curies":[{"name":"wp","href":"https:\/\/api.w.org\/{rel}","templated":true}]}}