{"id":51,"date":"2018-04-01T16:41:36","date_gmt":"2018-04-01T14:41:36","guid":{"rendered":"http:\/\/mooc3.politechnicart.net\/bj4cash\/?page_id=51"},"modified":"2018-05-09T22:18:45","modified_gmt":"2018-05-09T20:18:45","slug":"module-n3","status":"publish","type":"page","link":"http:\/\/mooc3.politechnicart.net\/bj4cash\/module-n3\/","title":{"rendered":"Module n\u00b03"},"content":{"rendered":"<h1 style=\"text-align: center\"><b>\u00ab Cherche Sugar Daddy pour combler mes attentes \u00bb<\/b><\/h1>\n<p>&nbsp;<\/p>\n<p><iframe loading=\"lazy\" width=\"525\" height=\"394\" src=\"https:\/\/www.youtube.com\/embed\/wJMPNWxmdVM?feature=oembed\" frameborder=\"0\" allow=\"autoplay; encrypted-media\" allowfullscreen><\/iframe><\/p>\n<p>Comme le montre cette petite vid\u00e9o tuto, nous avons\u00a0d\u00e9cid\u00e9 d\u2019\u00eatre une jeune lilloise de 21 ans, nomm\u00e9 Alix Cornet.\u00a0\u00c9tudiante sur Lille, elle aime sortir et profiter de la vie. Rencontrer de nouvelles personnes, s\u2019amuser, danser et se lib\u00e9rer l\u2019esprit sont ses philosophies de vie car elle fais des \u00e9tudes de droits lui prenant beaucoup de concentration et de temps. Elle\u00a0aime rire et voyager, se perdre dans l\u2019insouciance et ne pas penser au lendemain. Bref, se laisser vivre et profiter au maximum de sa jeunesse.\u00a0Elle recherche des \u201camis avec avantages\u201d et une \u201crelation ouverte\u201d \u2013 une personne pouvant subvenir \u00e0 ses besoins mais aussi avec qui elle peux partager des moments de complicit\u00e9s.<\/p>\n<p>Donc comme vous pouvez le voir, pour ce profil nous avons voulu faire une fille assez ouverte, qui n\u2019a pas envie de quelque chose de compliqu\u00e9 et qui ne recherche pas forcement quelque chose de vraiment s\u00e9rieux.<\/p>\n<p>Notre observation s\u2019est alors port\u00e9 sur quel type d\u2019homme Alix allait attirer le plus \u2013 si cela concernait des hommes qui recherchent principalement des relations sexuelles, ou principalement de bons moments \u00e0 partager sans directement sous-entendre le sexe.<\/p>\n<p><img decoding=\"async\" loading=\"lazy\" class=\"wp-image-9 aligncenter\" src=\"http:\/\/mooc3.politechnicart.net\/bj4cash\/wp-content\/uploads\/sites\/22\/2018\/04\/41dcbd829a6793f489440917139e9973-sugar-baby-funny-things-300x235.jpg\" alt=\"\" width=\"365\" height=\"286\" srcset=\"http:\/\/mooc3.politechnicart.net\/bj4cash\/wp-content\/uploads\/sites\/22\/2018\/04\/41dcbd829a6793f489440917139e9973-sugar-baby-funny-things-300x235.jpg 300w, http:\/\/mooc3.politechnicart.net\/bj4cash\/wp-content\/uploads\/sites\/22\/2018\/04\/41dcbd829a6793f489440917139e9973-sugar-baby-funny-things.jpg 640w\" sizes=\"(max-width: 365px) 100vw, 365px\" \/><\/p>\n<p>Concernant les questions que l\u2019on pourrai se poser sur la fiabilit\u00e9 du site, c\u2019est \u00e0 dire comment savoir que ce n\u2019est pas un pervers, si l\u2019on peut dire, qui se cache derri\u00e8re l\u2019\u00e9cran ? Cette plateforme poss\u00e8de une option de filtrage, permettant de v\u00e9rifier les ant\u00e9c\u00e9dents des membres, pour d\u00e9tecter les pr\u00e9dateurs sexuels, les frais d\u2019agression, les violences conjugales et indicateurs du genre. De plus, lors de l\u2019inscription il y a un filtrage automatique en ce qui concerne la photo publi\u00e9e. En effet, lors de notre inscription, nous ne voulions pas poster une photo de nous, ainsi nous en avons s\u00e9lectionn\u00e9 une sur internet qui a \u00e9t\u00e9 d\u00e9tect\u00e9e par le filtrage et donc nous a \u00e9t\u00e9 refus\u00e9e. Nous avons alors screen une vid\u00e9o d\u2019une cam girl, qui a elle \u00e9t\u00e9 accept\u00e9e.<\/p>\n","protected":false},"excerpt":{"rendered":"<p>\u00ab Cherche Sugar Daddy pour combler mes attentes \u00bb &nbsp; Comme le montre cette petite vid\u00e9o tuto, nous avons\u00a0d\u00e9cid\u00e9 d\u2019\u00eatre &hellip; <\/p>\n<p class=\"link-more\"><a href=\"http:\/\/mooc3.politechnicart.net\/bj4cash\/module-n3\/\" class=\"more-link\">Continuer la lecture<span class=\"screen-reader-text\"> de &laquo;&nbsp;Module n\u00b03&nbsp;&raquo;<\/span><\/a><\/p>\n","protected":false},"author":23,"featured_media":0,"parent":0,"menu_order":0,"comment_status":"closed","ping_status":"closed","template":"","meta":{"footnotes":""},"_links":{"self":[{"href":"http:\/\/mooc3.politechnicart.net\/bj4cash\/wp-json\/wp\/v2\/pages\/51"}],"collection":[{"href":"http:\/\/mooc3.politechnicart.net\/bj4cash\/wp-json\/wp\/v2\/pages"}],"about":[{"href":"http:\/\/mooc3.politechnicart.net\/bj4cash\/wp-json\/wp\/v2\/types\/page"}],"author":[{"embeddable":true,"href":"http:\/\/mooc3.politechnicart.net\/bj4cash\/wp-json\/wp\/v2\/users\/23"}],"replies":[{"embeddable":true,"href":"http:\/\/mooc3.politechnicart.net\/bj4cash\/wp-json\/wp\/v2\/comments?post=51"}],"version-history":[{"count":7,"href":"http:\/\/mooc3.politechnicart.net\/bj4cash\/wp-json\/wp\/v2\/pages\/51\/revisions"}],"predecessor-version":[{"id":159,"href":"http:\/\/mooc3.politechnicart.net\/bj4cash\/wp-json\/wp\/v2\/pages\/51\/revisions\/159"}],"wp:attachment":[{"href":"http:\/\/mooc3.politechnicart.net\/bj4cash\/wp-json\/wp\/v2\/media?parent=51"}],"curies":[{"name":"wp","href":"https:\/\/api.w.org\/{rel}","templated":true}]}}