{"id":41,"date":"2018-05-09T16:14:01","date_gmt":"2018-05-09T14:14:01","guid":{"rendered":"http:\/\/mooc3.politechnicart.net\/desoppressions\/?page_id=41"},"modified":"2018-05-09T16:31:09","modified_gmt":"2018-05-09T14:31:09","slug":"passage-du-meme-a-lantimeme","status":"publish","type":"page","link":"http:\/\/mooc3.politechnicart.net\/desoppressions\/passage-du-meme-a-lantimeme\/","title":{"rendered":"Passage du m\u00e8me \u00e0 l&#8217;antim\u00e8me"},"content":{"rendered":"<p>Partag\u00e9s de fa\u00e7on virale depuis des ann\u00e9es, il est maintenant possible de d\u00e9finir en quoi consiste un <strong>meme<\/strong>. Selon Knobel et Lankshear (2007) voici les trois composants principaux d&#8217;un m\u00e8me\u00a0:<\/p>\n<ul>\n<li>Humour : Le m\u00e8me doit poss\u00e9der une dimension comique et accrocheuse.<\/li>\n<li>Intertextualit\u00e9 : Le m\u00e8me met en jeu un ou des renvois \u00e0 d\u2019autres \u00e9l\u00e9ments culturels ou textuels, souvent implicites.<\/li>\n<li>Juxtaposition atypique : Mise en relation de plusieurs objets visuels ou s\u00e9mantiques sans corr\u00e9lations apparentes qui fait du m\u00e8me un objet int\u00e9ressant.<\/li>\n<\/ul>\n<p>Dans l&#8217;<strong>antimeme<\/strong> la \u00ab\u00a0dimension comique\u00a0\u00bb tout comme la \u00ab\u00a0juxtaposition atypique\u00a0\u00bb sont volontairement mises de c\u00f4t\u00e9 et laissent place \u00e0 une situation parfaitement normale et sans aucun d\u00e9calage, si ce n&#8217;est celui pr\u00e9sent dans le fil d&#8217;actualit\u00e9. En effet lorsqu&#8217;un m\u00eame lambda pr\u00e9c\u00e8de un antimeme, l&#8217;internaute se retrouve un moment dans l&#8217;incompr\u00e9hension \u00e0 la recherche d&#8217;une blague \u00e0 saisir, jusqu&#8217;\u00e0 ce qu&#8217;il se rende compte de l&#8217;appartenance de l&#8217;image.<\/p>\n<blockquote><p>D\u00e9finition de l&#8217;antim\u00e8me (Urban Dictionary)\u00a0: <em>un meme dont la blague est qu&#8217;il n&#8217;y a pas de blague<\/em><\/p><\/blockquote>\n<p>Apr\u00e8s avoir \u00e9t\u00e9 d\u00e9tourn\u00e9e de fa\u00e7on virale par le m\u00eame classique, en fabriquant un antimeme l&#8217;internaute restitue ici \u00e0 l&#8217;image son sens premier. L&#8217;image passe donc par une double r\u00e9appropriation picturale et textuelle avant de devenir un antimeme.<br \/>\nC&#8217;est gr\u00e2ce \u00e0 l&#8217;aide de ses connaissances pr\u00e9-\u00e9tablies sur le m\u00e8me qu&#8217;il peut saisir la blague. En effet on pourrait penser que l&#8217;antimeme est par essence incapable de provoquer le rire, mais gr\u00e2ce \u00e0 la pro\u00e9minence constante de memes et d&#8217;images d\u00e9tourn\u00e9es qui l&#8217;entourent, il peut cr\u00e9er de l&#8217;inattendu et ainsi donner un nouveau souffle aux memes vus et revus.<\/p>\n<p>Voici quelques exemples de memes qui ont \u00e9t\u00e9 transform\u00e9s en antimemes :<\/p>\n<div id='gallery-1' class='gallery galleryid-41 gallery-columns-6 gallery-size-medium'><figure class='gallery-item'>\n\t\t\t<div class='gallery-icon portrait'>\n\t\t\t\t<a href='http:\/\/mooc3.politechnicart.net\/desoppressions\/passage-du-meme-a-lantimeme\/meme1\/'><img width=\"246\" height=\"300\" src=\"http:\/\/mooc3.politechnicart.net\/desoppressions\/wp-content\/uploads\/sites\/37\/2018\/05\/meme1-246x300.png\" class=\"attachment-medium size-medium\" alt=\"\" decoding=\"async\" loading=\"lazy\" srcset=\"http:\/\/mooc3.politechnicart.net\/desoppressions\/wp-content\/uploads\/sites\/37\/2018\/05\/meme1-246x300.png 246w, http:\/\/mooc3.politechnicart.net\/desoppressions\/wp-content\/uploads\/sites\/37\/2018\/05\/meme1.png 500w\" sizes=\"(max-width: 246px) 100vw, 246px\" \/><\/a>\n\t\t\t<\/div><\/figure><figure class='gallery-item'>\n\t\t\t<div class='gallery-icon portrait'>\n\t\t\t\t<a href='http:\/\/mooc3.politechnicart.net\/desoppressions\/passage-du-meme-a-lantimeme\/meme2\/'><img width=\"298\" height=\"300\" src=\"http:\/\/mooc3.politechnicart.net\/desoppressions\/wp-content\/uploads\/sites\/37\/2018\/05\/meme2-298x300.jpg\" class=\"attachment-medium size-medium\" alt=\"\" decoding=\"async\" loading=\"lazy\" srcset=\"http:\/\/mooc3.politechnicart.net\/desoppressions\/wp-content\/uploads\/sites\/37\/2018\/05\/meme2-298x300.jpg 298w, http:\/\/mooc3.politechnicart.net\/desoppressions\/wp-content\/uploads\/sites\/37\/2018\/05\/meme2-150x150.jpg 150w, http:\/\/mooc3.politechnicart.net\/desoppressions\/wp-content\/uploads\/sites\/37\/2018\/05\/meme2-768x774.jpg 768w, http:\/\/mooc3.politechnicart.net\/desoppressions\/wp-content\/uploads\/sites\/37\/2018\/05\/meme2.jpg 953w\" sizes=\"(max-width: 298px) 100vw, 298px\" \/><\/a>\n\t\t\t<\/div><\/figure><figure class='gallery-item'>\n\t\t\t<div class='gallery-icon portrait'>\n\t\t\t\t<a href='http:\/\/mooc3.politechnicart.net\/desoppressions\/passage-du-meme-a-lantimeme\/memme1\/'><img width=\"290\" height=\"300\" src=\"http:\/\/mooc3.politechnicart.net\/desoppressions\/wp-content\/uploads\/sites\/37\/2018\/05\/memme1-290x300.jpg\" class=\"attachment-medium size-medium\" alt=\"\" decoding=\"async\" loading=\"lazy\" srcset=\"http:\/\/mooc3.politechnicart.net\/desoppressions\/wp-content\/uploads\/sites\/37\/2018\/05\/memme1-290x300.jpg 290w, http:\/\/mooc3.politechnicart.net\/desoppressions\/wp-content\/uploads\/sites\/37\/2018\/05\/memme1.jpg 724w\" sizes=\"(max-width: 290px) 100vw, 290px\" \/><\/a>\n\t\t\t<\/div><\/figure><figure class='gallery-item'>\n\t\t\t<div class='gallery-icon portrait'>\n\t\t\t\t<a href='http:\/\/mooc3.politechnicart.net\/desoppressions\/passage-du-meme-a-lantimeme\/memme2\/'><img width=\"290\" height=\"300\" src=\"http:\/\/mooc3.politechnicart.net\/desoppressions\/wp-content\/uploads\/sites\/37\/2018\/05\/memme2-290x300.jpg\" class=\"attachment-medium size-medium\" alt=\"\" decoding=\"async\" loading=\"lazy\" srcset=\"http:\/\/mooc3.politechnicart.net\/desoppressions\/wp-content\/uploads\/sites\/37\/2018\/05\/memme2-290x300.jpg 290w, http:\/\/mooc3.politechnicart.net\/desoppressions\/wp-content\/uploads\/sites\/37\/2018\/05\/memme2.jpg 724w\" sizes=\"(max-width: 290px) 100vw, 290px\" \/><\/a>\n\t\t\t<\/div><\/figure><figure class='gallery-item'>\n\t\t\t<div class='gallery-icon portrait'>\n\t\t\t\t<a href='http:\/\/mooc3.politechnicart.net\/desoppressions\/passage-du-meme-a-lantimeme\/m1\/'><img width=\"281\" height=\"300\" src=\"http:\/\/mooc3.politechnicart.net\/desoppressions\/wp-content\/uploads\/sites\/37\/2018\/05\/m1-281x300.png\" class=\"attachment-medium size-medium\" alt=\"\" decoding=\"async\" loading=\"lazy\" srcset=\"http:\/\/mooc3.politechnicart.net\/desoppressions\/wp-content\/uploads\/sites\/37\/2018\/05\/m1-281x300.png 281w, http:\/\/mooc3.politechnicart.net\/desoppressions\/wp-content\/uploads\/sites\/37\/2018\/05\/m1.png 501w\" sizes=\"(max-width: 281px) 100vw, 281px\" \/><\/a>\n\t\t\t<\/div><\/figure><figure class='gallery-item'>\n\t\t\t<div class='gallery-icon portrait'>\n\t\t\t\t<a href='http:\/\/mooc3.politechnicart.net\/desoppressions\/passage-du-meme-a-lantimeme\/m2\/'><img width=\"199\" height=\"300\" src=\"http:\/\/mooc3.politechnicart.net\/desoppressions\/wp-content\/uploads\/sites\/37\/2018\/05\/m2-199x300.png\" class=\"attachment-medium size-medium\" alt=\"\" decoding=\"async\" loading=\"lazy\" srcset=\"http:\/\/mooc3.politechnicart.net\/desoppressions\/wp-content\/uploads\/sites\/37\/2018\/05\/m2-199x300.png 199w, http:\/\/mooc3.politechnicart.net\/desoppressions\/wp-content\/uploads\/sites\/37\/2018\/05\/m2.png 609w\" sizes=\"(max-width: 199px) 100vw, 199px\" \/><\/a>\n\t\t\t<\/div><\/figure>\n\t\t<\/div>\n\n","protected":false},"excerpt":{"rendered":"<div class=\"mh-excerpt\"><p>Partag\u00e9s de fa\u00e7on virale depuis des ann\u00e9es, il est maintenant possible de d\u00e9finir en quoi consiste un meme. Selon Knobel et Lankshear (2007) voici les <a class=\"mh-excerpt-more\" href=\"http:\/\/mooc3.politechnicart.net\/desoppressions\/passage-du-meme-a-lantimeme\/\" title=\"Passage du m\u00e8me \u00e0 l&#8217;antim\u00e8me\">[&#8230;]<\/a><\/p>\n<\/div>","protected":false},"author":37,"featured_media":0,"parent":0,"menu_order":1,"comment_status":"closed","ping_status":"closed","template":"template-full.php","meta":{"footnotes":""},"_links":{"self":[{"href":"http:\/\/mooc3.politechnicart.net\/desoppressions\/wp-json\/wp\/v2\/pages\/41"}],"collection":[{"href":"http:\/\/mooc3.politechnicart.net\/desoppressions\/wp-json\/wp\/v2\/pages"}],"about":[{"href":"http:\/\/mooc3.politechnicart.net\/desoppressions\/wp-json\/wp\/v2\/types\/page"}],"author":[{"embeddable":true,"href":"http:\/\/mooc3.politechnicart.net\/desoppressions\/wp-json\/wp\/v2\/users\/37"}],"replies":[{"embeddable":true,"href":"http:\/\/mooc3.politechnicart.net\/desoppressions\/wp-json\/wp\/v2\/comments?post=41"}],"version-history":[{"count":3,"href":"http:\/\/mooc3.politechnicart.net\/desoppressions\/wp-json\/wp\/v2\/pages\/41\/revisions"}],"predecessor-version":[{"id":51,"href":"http:\/\/mooc3.politechnicart.net\/desoppressions\/wp-json\/wp\/v2\/pages\/41\/revisions\/51"}],"wp:attachment":[{"href":"http:\/\/mooc3.politechnicart.net\/desoppressions\/wp-json\/wp\/v2\/media?parent=41"}],"curies":[{"name":"wp","href":"https:\/\/api.w.org\/{rel}","templated":true}]}}