{"id":5,"date":"2018-02-03T15:56:01","date_gmt":"2018-02-03T14:56:01","guid":{"rendered":"http:\/\/mooc3.politechnicart.net\/estoriens\/lp-cart\/"},"modified":"2018-04-18T16:50:56","modified_gmt":"2018-04-18T14:50:56","slug":"lp-cart","status":"publish","type":"page","link":"http:\/\/mooc3.politechnicart.net\/estoriens\/lp-cart\/","title":{"rendered":"Module 1"},"content":{"rendered":"<p><span style=\"font-weight: 400\">Bonjour \u00e0 tous, et bienvenue sur ce MOOC dans lequel nous allons explorer le pourquoi du comment des stories snapchat du journal <\/span><i><span style=\"font-weight: 400\">Le Monde<\/span><\/i><span style=\"font-weight: 400\">. <\/span><span style=\"font-weight: 400\"><br \/>\n<\/span><span style=\"font-weight: 400\">Snapchat, \u00e7a vous parle ? C\u2019est cette application qui privil\u00e9gie les images au texte et permet notamment d\u2019envoyer des photos plus ou moins stylis\u00e9es \u00e0 vos amis. <\/span><\/p>\n<p><span style=\"font-weight: 400\">Dans le monde en 2017, on comptait 173 millions d&#8217;utilisateurs, dont 57 millions en Europe. 3 milliards de snaps sont envoy\u00e9s chaque jour, soit environ 34 722 \u00e0 la seconde (<\/span><a href=\"https:\/\/www.blogdumoderateur.com\/chiffres-snapchat\/\"><span style=\"font-weight: 400\">https:\/\/www.blogdumoderateur.com\/chiffres-snapchat\/<\/span><\/a><span style=\"font-weight: 400\">). Bref, cette application a beaucoup, vraiment beaucoup, d\u2019utilisateurs. Mais ce n\u2019est pas tout ! Un grand nombre de personnalit\u00e9s, marques, et m\u00eame de groupes d\u2019industriels ont compris l\u2019\u00e9norme potentiel de cette application. En effet, ils peuvent toucher une majorit\u00e9 de personnes, en tr\u00e8s peu de temps, avec peu de moyens. <\/span><\/p>\n<p><span style=\"font-weight: 400\">Les m\u00e9dias ne sont pas rest\u00e9s au bord de la route. Au contraire, ils saisissent l\u2019opportunit\u00e9 d\u2019informer autrement et d\u2019utiliser les nouvelles technologies. Ainsi, les journaux, la t\u00e9l\u00e9 et la radio ont cr\u00e9\u00e9 leur propre compte. Les informations sont maintenant diffus\u00e9es aussi vite que de simples textos. <\/span><\/p>\n<p><span style=\"font-weight: 400\">Quelles sont alors les cons\u00e9quences de changement de support m\u00e9diatique \u00a0? Comment l\u2019application est-elle utilis\u00e9e par les m\u00e9dias, et \u00e0 quelles fins ? Quel public est touch\u00e9 ? <\/span><\/p>\n<p>&nbsp;<\/p>\n<p><span style=\"font-weight: 400\">Chaque jour, ce journal diffuse une story, r\u00e9sumant l\u2019information de la journ\u00e9e.<\/span><span style=\"font-weight: 400\"><br \/>\n<\/span><span style=\"font-weight: 400\">Vous \u00eates passionn\u00e9.e par les m\u00e9dias, les nouvelles technologies ? Vous utilisez snapchat ? Vous vous interrogez sur votre rapport \u00e0 l\u2019information ?<\/span><\/p>\n<p><span style=\"font-weight: 400\">Alors ce MOOC est pour vous ! <\/span><\/p>\n<p><span style=\"font-weight: 400\">Parcourez nos modules avec attention, et vous saurez \u00a0tout sur l\u2019info en continu !<\/span><\/p>\n<p>&nbsp;<\/p>\n<p><img decoding=\"async\" src=\"https:\/\/media.giphy.com\/media\/YQaxr0K4pohgc\/giphy.gif\" \/><\/p>\n","protected":false},"excerpt":{"rendered":"<div class=\"mh-excerpt\"><p>Bonjour \u00e0 tous, et bienvenue sur ce MOOC dans lequel nous allons explorer le pourquoi du comment des stories snapchat du journal Le Monde. Snapchat, <a class=\"mh-excerpt-more\" href=\"http:\/\/mooc3.politechnicart.net\/estoriens\/lp-cart\/\" title=\"Module 1\">[&#8230;]<\/a><\/p>\n<\/div>","protected":false},"author":26,"featured_media":0,"parent":0,"menu_order":0,"comment_status":"closed","ping_status":"closed","template":"","meta":{"footnotes":""},"_links":{"self":[{"href":"http:\/\/mooc3.politechnicart.net\/estoriens\/wp-json\/wp\/v2\/pages\/5"}],"collection":[{"href":"http:\/\/mooc3.politechnicart.net\/estoriens\/wp-json\/wp\/v2\/pages"}],"about":[{"href":"http:\/\/mooc3.politechnicart.net\/estoriens\/wp-json\/wp\/v2\/types\/page"}],"author":[{"embeddable":true,"href":"http:\/\/mooc3.politechnicart.net\/estoriens\/wp-json\/wp\/v2\/users\/26"}],"replies":[{"embeddable":true,"href":"http:\/\/mooc3.politechnicart.net\/estoriens\/wp-json\/wp\/v2\/comments?post=5"}],"version-history":[{"count":2,"href":"http:\/\/mooc3.politechnicart.net\/estoriens\/wp-json\/wp\/v2\/pages\/5\/revisions"}],"predecessor-version":[{"id":57,"href":"http:\/\/mooc3.politechnicart.net\/estoriens\/wp-json\/wp\/v2\/pages\/5\/revisions\/57"}],"wp:attachment":[{"href":"http:\/\/mooc3.politechnicart.net\/estoriens\/wp-json\/wp\/v2\/media?parent=5"}],"curies":[{"name":"wp","href":"https:\/\/api.w.org\/{rel}","templated":true}]}}