{"id":8,"date":"2018-03-21T10:18:45","date_gmt":"2018-03-21T09:18:45","guid":{"rendered":"http:\/\/mooc3.politechnicart.net\/lespetitsgen-x\/lp-become-a-teacher\/"},"modified":"2018-05-09T19:51:37","modified_gmt":"2018-05-09T17:51:37","slug":"lp-become-a-teacher","status":"publish","type":"page","link":"http:\/\/mooc3.politechnicart.net\/lespetitsgen-x\/lp-become-a-teacher\/","title":{"rendered":"Famille Num\u00e9rique"},"content":{"rendered":"<p>&nbsp;<\/p>\n<p><iframe loading=\"lazy\" width=\"525\" height=\"295\" src=\"https:\/\/www.youtube.com\/embed\/dkDSsEiSRD0?feature=oembed\" frameborder=\"0\" allow=\"autoplay; encrypted-media\" allowfullscreen><\/iframe><\/p>\n<p>Aujourd&#8217;hui, de plus en plus de personnes \u00e2g\u00e9es ont un compte Facebook. Bien s\u00fbr, beaucoup n&#8217;ont m\u00eame pas de connexion internet, mais c&#8217;est devenu une vraie contrainte au quotidien. Il n&#8217;y a donc pas que les enfants qui ressentent le besoin et l&#8217;envie d&#8217;\u00eatre connect\u00e9s. Si une maman, ou un papa, passe la journ\u00e9e sur son smartphone, il para\u00eet \u00e9vident que son enfant voudra en faire de m\u00eame. L&#8217;environnement familial a un impact sur les activit\u00e9s des enfants.<br \/>\nL&#8217;application de messagerie WhatsApp est utilis\u00e9e par de nombreuses familles, pour garder le contact gr\u00e2ce \u00e0 une conversation de groupe, notamment avec les grands-parents. On se sent beaucoup plus proches les uns des autres. Mais les contacts directs disparaissent petit \u00e0 petit, pour ne laisser place qu&#8217;aux SMS et autres messages instantan\u00e9s. On ne parle plus de proximit\u00e9 mais d&#8217;imm\u00e9diatet\u00e9.<\/p>\n<p style=\"text-align: left\"><span style=\"float: none;background-color: transparent;color: #333333;cursor: text;font-family: 'Libre Franklin','Helvetica Neue',helvetica,arial,sans-serif;font-size: 16px;font-style: normal;font-variant: normal;font-weight: 400;letter-spacing: normal;text-align: left;text-decoration: none;text-indent: 0px\">A travers une enqu\u00eate ethnographique, nous avons observ\u00e9 deux attitudes des parents. D&#8217;un c\u00f4t\u00e9, certains parents construisent une vie de famille autour du num\u00e9rique. <\/span><\/p>\n<p style=\"text-align: left\"><img decoding=\"async\" loading=\"lazy\" class=\"aligncenter wp-image-110 size-full\" style=\"font-size: 1rem\" src=\"http:\/\/mooc3.politechnicart.net\/lespetitsgen-x\/wp-content\/uploads\/sites\/21\/2018\/05\/cit-10-1.png\" alt=\"\" width=\"1920\" height=\"1080\" srcset=\"http:\/\/mooc3.politechnicart.net\/lespetitsgen-x\/wp-content\/uploads\/sites\/21\/2018\/05\/cit-10-1.png 1920w, http:\/\/mooc3.politechnicart.net\/lespetitsgen-x\/wp-content\/uploads\/sites\/21\/2018\/05\/cit-10-1-300x169.png 300w, http:\/\/mooc3.politechnicart.net\/lespetitsgen-x\/wp-content\/uploads\/sites\/21\/2018\/05\/cit-10-1-768x432.png 768w, http:\/\/mooc3.politechnicart.net\/lespetitsgen-x\/wp-content\/uploads\/sites\/21\/2018\/05\/cit-10-1-1024x576.png 1024w\" sizes=\"(max-width: 767px) 89vw, (max-width: 1000px) 54vw, (max-width: 1071px) 543px, 580px\" \/><\/p>\n<p style=\"text-align: left\">D<span style=\"float: none;background-color: transparent;color: #333333;cursor: text;font-family: 'Libre Franklin','Helvetica Neue',helvetica,arial,sans-serif;font-size: 16px;font-style: normal;font-variant: normal;font-weight: 400;letter-spacing: normal;text-align: left;text-decoration: none;text-indent: 0px\">&#8216;autres repoussent le num\u00e9rique aux fronti\u00e8res de la vie familiale.\u00a0<\/span><\/p>\n<p style=\"text-align: left\">\u00a0<img decoding=\"async\" loading=\"lazy\" class=\"aligncenter wp-image-111 size-full\" src=\"http:\/\/mooc3.politechnicart.net\/lespetitsgen-x\/wp-content\/uploads\/sites\/21\/2018\/05\/cit-11.png\" alt=\"\" width=\"1920\" height=\"1080\" srcset=\"http:\/\/mooc3.politechnicart.net\/lespetitsgen-x\/wp-content\/uploads\/sites\/21\/2018\/05\/cit-11.png 1920w, http:\/\/mooc3.politechnicart.net\/lespetitsgen-x\/wp-content\/uploads\/sites\/21\/2018\/05\/cit-11-300x169.png 300w, http:\/\/mooc3.politechnicart.net\/lespetitsgen-x\/wp-content\/uploads\/sites\/21\/2018\/05\/cit-11-768x432.png 768w, http:\/\/mooc3.politechnicart.net\/lespetitsgen-x\/wp-content\/uploads\/sites\/21\/2018\/05\/cit-11-1024x576.png 1024w\" sizes=\"(max-width: 767px) 89vw, (max-width: 1000px) 54vw, (max-width: 1071px) 543px, 580px\" \/><\/p>\n<p>&nbsp;<\/p>\n<p>&nbsp;<\/p>\n<p>&nbsp;<\/p>\n","protected":false},"excerpt":{"rendered":"<p>&nbsp; Aujourd&#8217;hui, de plus en plus de personnes \u00e2g\u00e9es ont un compte Facebook. Bien s\u00fbr, beaucoup n&#8217;ont m\u00eame pas de &hellip; <\/p>\n<p class=\"link-more\"><a href=\"http:\/\/mooc3.politechnicart.net\/lespetitsgen-x\/lp-become-a-teacher\/\" class=\"more-link\">Continuer la lecture<span class=\"screen-reader-text\"> de &laquo;&nbsp;Famille Num\u00e9rique&nbsp;&raquo;<\/span><\/a><\/p>\n","protected":false},"author":22,"featured_media":57,"parent":0,"menu_order":0,"comment_status":"closed","ping_status":"closed","template":"","meta":{"footnotes":""},"_links":{"self":[{"href":"http:\/\/mooc3.politechnicart.net\/lespetitsgen-x\/wp-json\/wp\/v2\/pages\/8"}],"collection":[{"href":"http:\/\/mooc3.politechnicart.net\/lespetitsgen-x\/wp-json\/wp\/v2\/pages"}],"about":[{"href":"http:\/\/mooc3.politechnicart.net\/lespetitsgen-x\/wp-json\/wp\/v2\/types\/page"}],"author":[{"embeddable":true,"href":"http:\/\/mooc3.politechnicart.net\/lespetitsgen-x\/wp-json\/wp\/v2\/users\/22"}],"replies":[{"embeddable":true,"href":"http:\/\/mooc3.politechnicart.net\/lespetitsgen-x\/wp-json\/wp\/v2\/comments?post=8"}],"version-history":[{"count":7,"href":"http:\/\/mooc3.politechnicart.net\/lespetitsgen-x\/wp-json\/wp\/v2\/pages\/8\/revisions"}],"predecessor-version":[{"id":153,"href":"http:\/\/mooc3.politechnicart.net\/lespetitsgen-x\/wp-json\/wp\/v2\/pages\/8\/revisions\/153"}],"wp:featuredmedia":[{"embeddable":true,"href":"http:\/\/mooc3.politechnicart.net\/lespetitsgen-x\/wp-json\/wp\/v2\/media\/57"}],"wp:attachment":[{"href":"http:\/\/mooc3.politechnicart.net\/lespetitsgen-x\/wp-json\/wp\/v2\/media?parent=8"}],"curies":[{"name":"wp","href":"https:\/\/api.w.org\/{rel}","templated":true}]}}