{"id":58,"date":"2018-04-25T11:44:51","date_gmt":"2018-04-25T09:44:51","guid":{"rendered":"http:\/\/mooc3.politechnicart.net\/modecirculaireonline\/?page_id=58"},"modified":"2018-05-05T12:47:47","modified_gmt":"2018-05-05T10:47:47","slug":"module-2","status":"publish","type":"page","link":"http:\/\/mooc3.politechnicart.net\/modecirculaireonline\/module-2\/","title":{"rendered":"MODULE 1"},"content":{"rendered":"<h1 style=\"text-align: center\">Un nouveau rapport \u00e0 l&#8217;\u00e9conomie<\/h1>\n<p>&nbsp;<\/p>\n<p><iframe loading=\"lazy\" width=\"525\" height=\"394\" src=\"https:\/\/www.youtube.com\/embed\/He1Ku0wzzVo?feature=oembed\" frameborder=\"0\" allow=\"autoplay; encrypted-media\" allowfullscreen><\/iframe><\/p>\n<p>&nbsp;<\/p>\n<p style=\"text-align: justify\">Avec les \u00e9volutions num\u00e9riques des ann\u00e9es 2000, on assiste \u00e0 un renversement du rapport \u00e9conomique de base. En effet, les codes se sont invers\u00e9s: la sph\u00e8re priv\u00e9e et la garde de ses biens devient un si\u00e8ge \u00e9conomique alors que de base, on garde ses biens pour soi, c&#8217;est la base du foyer. On passe ainsi d&#8217;une \u00e9conomie vivri\u00e8re \u00e0 une \u00e9conomie marchande de la circulation de ses biens.<\/p>\n<p style=\"text-align: justify\">Selon Jeremy Rifkin, nous sommes entr\u00e9s dans \u00ab\u00a0L\u2019\u00e2ge de l\u2019acc\u00e8s\u00a0\u00bb, o\u00f9 l\u2019\u00e9conomie de l\u2019usage et de la fonctionnalit\u00e9 ont pris le dessus sur la symbolique de la propri\u00e9t\u00e9 de l\u2019individu m\u00eame. Les march\u00e9s sont ainsi remplac\u00e9s par les r\u00e9seaux, et ce par les utilisateurs m\u00eames.<\/p>\n<p style=\"text-align: justify\">Ainsi, le consommateur n\u2019est plus attir\u00e9 par la possession de ses biens et sa valeur, mais par \u00ab\u00a0<i>l\u2019acc\u00e8s provisoire \u00e0 des march\u00e9s simul\u00e9s et des \u00e9tats de conscience alt\u00e9r\u00e9s<\/i>\u00a0\u00bb.<\/p>\n<h2><strong>Vendre ses biens appara\u00eet maintenant comme une normalit\u00e9:<\/strong><\/h2>\n<p><b>Aur\u00e9lie, 21 ans. Master MEEF. Usage occasionnel<\/b><\/p>\n<p><i>\u00ab\u00a0Cela me para\u00eet normal aujourd\u2019hui de vendre des biens dont nous n\u2019avons plus l\u2019utilit\u00e9\u00a0\u00bb<\/i><\/p>\n<p><b>Lucie, 22 ans. Usage quotidien.<\/b><\/p>\n<p><i>\u00ab\u00a0 Je ne suis pas particuli\u00e8rement attach\u00e9e aux v\u00eatements que je revends. Justement, je dois m\u2019en d\u00e9barrasser et je suis contente de leur offrir une seconde vie quelque part, tout en gagnant un peu d\u2019argent.\u00a0\u00bb<\/i><\/p>\n<h5 style=\"text-align: right\">Source: questionnaire publi\u00e9 le 15 d\u00e9cembre 2017 sur Facebook et Vinted s&#8217;adressant aux utilisateurs\/trices de l&#8217;application.<\/h5>\n","protected":false},"excerpt":{"rendered":"<p>Un nouveau rapport \u00e0 l&#8217;\u00e9conomie &nbsp; &nbsp; Avec les \u00e9volutions num\u00e9riques des ann\u00e9es 2000, on assiste \u00e0 un renversement du &hellip; <\/p>\n<p class=\"link-more\"><a href=\"http:\/\/mooc3.politechnicart.net\/modecirculaireonline\/module-2\/\" class=\"more-link\">Continuer la lecture<span class=\"screen-reader-text\"> de &laquo;&nbsp;MODULE 1&nbsp;&raquo;<\/span><\/a><\/p>\n","protected":false},"author":13,"featured_media":0,"parent":0,"menu_order":0,"comment_status":"closed","ping_status":"closed","template":"","meta":{"footnotes":""},"_links":{"self":[{"href":"http:\/\/mooc3.politechnicart.net\/modecirculaireonline\/wp-json\/wp\/v2\/pages\/58"}],"collection":[{"href":"http:\/\/mooc3.politechnicart.net\/modecirculaireonline\/wp-json\/wp\/v2\/pages"}],"about":[{"href":"http:\/\/mooc3.politechnicart.net\/modecirculaireonline\/wp-json\/wp\/v2\/types\/page"}],"author":[{"embeddable":true,"href":"http:\/\/mooc3.politechnicart.net\/modecirculaireonline\/wp-json\/wp\/v2\/users\/13"}],"replies":[{"embeddable":true,"href":"http:\/\/mooc3.politechnicart.net\/modecirculaireonline\/wp-json\/wp\/v2\/comments?post=58"}],"version-history":[{"count":11,"href":"http:\/\/mooc3.politechnicart.net\/modecirculaireonline\/wp-json\/wp\/v2\/pages\/58\/revisions"}],"predecessor-version":[{"id":181,"href":"http:\/\/mooc3.politechnicart.net\/modecirculaireonline\/wp-json\/wp\/v2\/pages\/58\/revisions\/181"}],"wp:attachment":[{"href":"http:\/\/mooc3.politechnicart.net\/modecirculaireonline\/wp-json\/wp\/v2\/media?parent=58"}],"curies":[{"name":"wp","href":"https:\/\/api.w.org\/{rel}","templated":true}]}}