{"id":29,"date":"2018-03-21T16:47:39","date_gmt":"2018-03-21T15:47:39","guid":{"rendered":"http:\/\/mooc3.politechnicart.net\/numart\/?page_id=29"},"modified":"2018-05-09T15:28:51","modified_gmt":"2018-05-09T13:28:51","slug":"a-propos","status":"publish","type":"page","link":"http:\/\/mooc3.politechnicart.net\/numart\/","title":{"rendered":"\u00c0 propos"},"content":{"rendered":"<p style=\"text-align: center\"><strong>Bonjour \u00e0 tous et bienvenue sur le MOOC portant sur les nouvelles pratiques num\u00e9riques dans les mus\u00e9es.\u00a0 Ce cours en ligne a \u00e9t\u00e9 cr\u00e9e par l&#8217;\u00e9quipe NUM&#8217;ART afin de vous montrer le r\u00f4le du digital dans nos exp\u00e9riences mus\u00e9ales.<\/strong><\/p>\n<p>&nbsp;<\/p>\n<p><iframe loading=\"lazy\" width=\"525\" height=\"295\" src=\"https:\/\/www.youtube.com\/embed\/aG6kqejELgs?feature=oembed\" frameborder=\"0\" allow=\"autoplay; encrypted-media\" allowfullscreen><\/iframe><\/p>\n<p>&nbsp;<\/p>\n<p>&nbsp;<\/p>\n<p>&nbsp;<\/p>\n<p>&nbsp;<\/p>\n<p>&nbsp;<\/p>\n","protected":false},"excerpt":{"rendered":"<p>Bonjour \u00e0 tous et bienvenue sur le MOOC portant sur les nouvelles pratiques num\u00e9riques dans les mus\u00e9es.\u00a0 Ce cours en &hellip; <\/p>\n<p class=\"link-more\"><a href=\"http:\/\/mooc3.politechnicart.net\/numart\/\" class=\"more-link\">Continuer la lecture<span class=\"screen-reader-text\"> de &laquo;&nbsp;\u00c0 propos&nbsp;&raquo;<\/span><\/a><\/p>\n","protected":false},"author":36,"featured_media":0,"parent":0,"menu_order":0,"comment_status":"closed","ping_status":"closed","template":"","meta":{"footnotes":""},"_links":{"self":[{"href":"http:\/\/mooc3.politechnicart.net\/numart\/wp-json\/wp\/v2\/pages\/29"}],"collection":[{"href":"http:\/\/mooc3.politechnicart.net\/numart\/wp-json\/wp\/v2\/pages"}],"about":[{"href":"http:\/\/mooc3.politechnicart.net\/numart\/wp-json\/wp\/v2\/types\/page"}],"author":[{"embeddable":true,"href":"http:\/\/mooc3.politechnicart.net\/numart\/wp-json\/wp\/v2\/users\/36"}],"replies":[{"embeddable":true,"href":"http:\/\/mooc3.politechnicart.net\/numart\/wp-json\/wp\/v2\/comments?post=29"}],"version-history":[{"count":5,"href":"http:\/\/mooc3.politechnicart.net\/numart\/wp-json\/wp\/v2\/pages\/29\/revisions"}],"predecessor-version":[{"id":120,"href":"http:\/\/mooc3.politechnicart.net\/numart\/wp-json\/wp\/v2\/pages\/29\/revisions\/120"}],"wp:attachment":[{"href":"http:\/\/mooc3.politechnicart.net\/numart\/wp-json\/wp\/v2\/media?parent=29"}],"curies":[{"name":"wp","href":"https:\/\/api.w.org\/{rel}","templated":true}]}}