{"id":74,"date":"2018-05-07T19:31:21","date_gmt":"2018-05-07T17:31:21","guid":{"rendered":"http:\/\/mooc3.politechnicart.net\/numart\/?page_id=74"},"modified":"2018-05-08T11:15:48","modified_gmt":"2018-05-08T09:15:48","slug":"presentation","status":"publish","type":"page","link":"http:\/\/mooc3.politechnicart.net\/numart\/presentation\/","title":{"rendered":"Pr\u00e9sentation"},"content":{"rendered":"<p style=\"text-align: left\"><span style=\"font-weight: 400\">De nos jours, les nouvelles technologies sont devenues omnipr\u00e9sentes dans nos vies quotidiennes, et nous faisons face \u00e0 une v\u00e9ritable \u201c soci\u00e9t\u00e9 num\u00e9rique\u201d, voir une nouvelle \u201c d\u00e9mocratie Internet\u201d si on reprend l\u2019expression de Dominique Cardon. D\u2019ailleurs, les enqu\u00eates de l\u2019Observatoire du num\u00e9rique traduisent ce succ\u00e8s et disent que la France se place dans la moyenne des pays europ\u00e9ens \u00e0 avoir un acc\u00e8s Internet et un acc\u00e8s ad\u00e9quat \u00e0 la fibre. Smartphones, tablettes, ordinateurs ou encore drones sont donc devenu les gadgets pr\u00e9f\u00e9rences des Hommes. Cet \u00e8re du num\u00e9rique permet donc de nouveaux usages et questionnements comme pour dans l\u2019\u00e9ducation, la politique, la justice ou encore la culture. C\u2019est sur ce dernier aspect, que notre enqu\u00eate va se mener, notamment dans l\u2019exp\u00e9rience mus\u00e9ale dont la m\u00e9diation culturelle en se posant la question suivante :<\/span><\/p>\n<p><b>Comment les diff\u00e9rents outils d\u00e9velopp\u00e9s et leurs \u00e9volutions ont influ\u00e9 l&#8217;exp\u00e9rience de visite et comment une approche critique de la m\u00e9diation num\u00e9rique par les institutions mus\u00e9ales permet de penser la m\u00e9diation globale de l\u2019exposition ?<\/b><\/p>\n<p><span style=\"font-weight: 400\">Afin de r\u00e9pondre \u00e0 cette probl\u00e9matique, le Mooc Num\u2019art se concentrera sur trois parties :<\/span><\/p>\n<ul>\n<li style=\"font-weight: 400\"><span style=\"font-weight: 400\">Historique de l\u2019usage du num\u00e9rique dans les mus\u00e9e<\/span><\/li>\n<li style=\"font-weight: 400\"><span style=\"font-weight: 400\">La m\u00e9diateur culturel face aux nouveaux enjeux du num\u00e9rique<\/span><\/li>\n<li style=\"font-weight: 400\"><span style=\"font-weight: 400\">La m\u00e9diation digitale vu par les visiteurs<\/span><\/li>\n<\/ul>\n<p>&nbsp;<\/p>\n<p>&nbsp;<\/p>\n","protected":false},"excerpt":{"rendered":"<p>De nos jours, les nouvelles technologies sont devenues omnipr\u00e9sentes dans nos vies quotidiennes, et nous faisons face \u00e0 une v\u00e9ritable &hellip; <\/p>\n<p class=\"link-more\"><a href=\"http:\/\/mooc3.politechnicart.net\/numart\/presentation\/\" class=\"more-link\">Continuer la lecture<span class=\"screen-reader-text\"> de &laquo;&nbsp;Pr\u00e9sentation&nbsp;&raquo;<\/span><\/a><\/p>\n","protected":false},"author":36,"featured_media":0,"parent":0,"menu_order":0,"comment_status":"closed","ping_status":"closed","template":"","meta":{"footnotes":""},"_links":{"self":[{"href":"http:\/\/mooc3.politechnicart.net\/numart\/wp-json\/wp\/v2\/pages\/74"}],"collection":[{"href":"http:\/\/mooc3.politechnicart.net\/numart\/wp-json\/wp\/v2\/pages"}],"about":[{"href":"http:\/\/mooc3.politechnicart.net\/numart\/wp-json\/wp\/v2\/types\/page"}],"author":[{"embeddable":true,"href":"http:\/\/mooc3.politechnicart.net\/numart\/wp-json\/wp\/v2\/users\/36"}],"replies":[{"embeddable":true,"href":"http:\/\/mooc3.politechnicart.net\/numart\/wp-json\/wp\/v2\/comments?post=74"}],"version-history":[{"count":2,"href":"http:\/\/mooc3.politechnicart.net\/numart\/wp-json\/wp\/v2\/pages\/74\/revisions"}],"predecessor-version":[{"id":91,"href":"http:\/\/mooc3.politechnicart.net\/numart\/wp-json\/wp\/v2\/pages\/74\/revisions\/91"}],"wp:attachment":[{"href":"http:\/\/mooc3.politechnicart.net\/numart\/wp-json\/wp\/v2\/media?parent=74"}],"curies":[{"name":"wp","href":"https:\/\/api.w.org\/{rel}","templated":true}]}}