{"id":38,"date":"2018-05-04T20:44:54","date_gmt":"2018-05-04T18:44:54","guid":{"rendered":"http:\/\/mooc3.politechnicart.net\/numartperf\/?page_id=38"},"modified":"2018-05-04T21:38:26","modified_gmt":"2018-05-04T19:38:26","slug":"bienvenue-sur-numartperf","status":"publish","type":"page","link":"http:\/\/mooc3.politechnicart.net\/numartperf\/","title":{"rendered":"Bienvenue sur Numartperf !"},"content":{"rendered":"<p align=\"justify\">A travers ce Mooc, nous allons nous int\u00e9resser \u00e0 l&#8217;apport du num\u00e9rique et notamment du t\u00e9l\u00e9phone mobile dans la sc\u00e9narisation de spectacles vivants ou de performances ; ainsi nous tenterons de comprendre ensemble dans quelle mesure l&#8217;utilisation du num\u00e9rique et des objets portables connect\u00e9s ont permis une nouvelle approche de la sc\u00e9narisation, que ce soit pour les professionnels du spectacles ou pour les artistes.<\/p>\n<p align=\"justify\">En effet depuis quelques ann\u00e9es, on se rend bien compte que le num\u00e9rique est pr\u00e9sent \u00e0 chaque instants de nos vies et nous accompagne partout. Avec ce Mooc, on a voulut montrer \u00e0 quel point le num\u00e9rique s&#8217;est inscrit dans le monde artistique autant que dans nos vies quotidiennes. Alors, malgr\u00e9 ses nombreux m\u00e9faits, on va voir ensemble que le num\u00e9rique a permis \u00e0 l&#8217;art et \u00e0 la sc\u00e9narisation artistique de repousser leurs limites pour notre plus grand bonheur !<\/p>\n<p align=\"justify\">Let&#8217;s Go !<\/p>\n<p align=\"justify\"><img decoding=\"async\" class=\"aligncenter\" src=\"https:\/\/media.giphy.com\/media\/RrVzUOXldFe8M\/giphy.gif\" \/><\/p>\n<p align=\"justify\">\n","protected":false},"excerpt":{"rendered":"<p>A travers ce Mooc, nous allons nous int\u00e9resser \u00e0 l&#8217;apport du num\u00e9rique et notamment du t\u00e9l\u00e9phone mobile dans la sc\u00e9narisation &hellip; <\/p>\n<p class=\"link-more\"><a href=\"http:\/\/mooc3.politechnicart.net\/numartperf\/\" class=\"more-link\">Continuer la lecture<span class=\"screen-reader-text\"> de &laquo;&nbsp;Bienvenue sur Numartperf !&nbsp;&raquo;<\/span><\/a><\/p>\n","protected":false},"author":4,"featured_media":0,"parent":0,"menu_order":0,"comment_status":"closed","ping_status":"closed","template":"","meta":{"footnotes":""},"_links":{"self":[{"href":"http:\/\/mooc3.politechnicart.net\/numartperf\/wp-json\/wp\/v2\/pages\/38"}],"collection":[{"href":"http:\/\/mooc3.politechnicart.net\/numartperf\/wp-json\/wp\/v2\/pages"}],"about":[{"href":"http:\/\/mooc3.politechnicart.net\/numartperf\/wp-json\/wp\/v2\/types\/page"}],"author":[{"embeddable":true,"href":"http:\/\/mooc3.politechnicart.net\/numartperf\/wp-json\/wp\/v2\/users\/4"}],"replies":[{"embeddable":true,"href":"http:\/\/mooc3.politechnicart.net\/numartperf\/wp-json\/wp\/v2\/comments?post=38"}],"version-history":[{"count":4,"href":"http:\/\/mooc3.politechnicart.net\/numartperf\/wp-json\/wp\/v2\/pages\/38\/revisions"}],"predecessor-version":[{"id":73,"href":"http:\/\/mooc3.politechnicart.net\/numartperf\/wp-json\/wp\/v2\/pages\/38\/revisions\/73"}],"wp:attachment":[{"href":"http:\/\/mooc3.politechnicart.net\/numartperf\/wp-json\/wp\/v2\/media?parent=38"}],"curies":[{"name":"wp","href":"https:\/\/api.w.org\/{rel}","templated":true}]}}