{"id":51,"date":"2018-05-04T20:54:05","date_gmt":"2018-05-04T18:54:05","guid":{"rendered":"http:\/\/mooc3.politechnicart.net\/numartperf\/?page_id=51"},"modified":"2018-05-07T16:40:00","modified_gmt":"2018-05-07T14:40:00","slug":"module-i","status":"publish","type":"page","link":"http:\/\/mooc3.politechnicart.net\/numartperf\/module-i\/","title":{"rendered":"Module I"},"content":{"rendered":"<h1 style=\"text-align: left\">Module I : La naissance de la performance et de l&#8217;exp\u00e9rimentation num\u00e9rique<\/h1>\n<p style=\"text-align: justify\">Nous allons revenir en arri\u00e8re ensemble afin de nous pencher sur le mouvement Fluxus, qui a, au XX\u00e8me si\u00e8cle, initi\u00e9 une remise en question ainsi qu&#8217;une \u00e9volution des normes artistiques de la sc\u00e9nographie en commen\u00e7ant \u00e0 se servir du num\u00e9rique comme un outil essentiel \u00e0 la cr\u00e9ation.<\/p>\n<p style=\"text-align: justify\">C\u2019est au d\u00e9but des ann\u00e9es 1960 que na\u00eet le mouvement Fluxus, un mouvement artistique d\u2019inspiration n\u00e9o-dada\u00efste, emmen\u00e9 par l\u2019artiste George Maciunas et d\u2019autres personnalit\u00e9s comme le compositeur John Cage, l\u2019artiste George Brecht ou encore le chor\u00e9graphe Merce Cunningham.<\/p>\n<figure id=\"attachment_71\" aria-describedby=\"caption-attachment-71\" style=\"width: 194px\" class=\"wp-caption alignleft\"><img decoding=\"async\" loading=\"lazy\" class=\"wp-image-71 size-medium\" src=\"http:\/\/mooc3.politechnicart.net\/numartperf\/wp-content\/uploads\/sites\/4\/2018\/05\/Fluxus_manifesto-194x300.jpg\" alt=\"\" width=\"194\" height=\"300\" srcset=\"http:\/\/mooc3.politechnicart.net\/numartperf\/wp-content\/uploads\/sites\/4\/2018\/05\/Fluxus_manifesto-194x300.jpg 194w, http:\/\/mooc3.politechnicart.net\/numartperf\/wp-content\/uploads\/sites\/4\/2018\/05\/Fluxus_manifesto.jpg 280w\" sizes=\"(max-width: 194px) 100vw, 194px\" \/><figcaption id=\"caption-attachment-71\" class=\"wp-caption-text\">Manifeste du Fluxus<\/figcaption><\/figure>\n<p style=\"text-align: justify\">Tout d\u2019abord, int\u00e9ressons-nous plus pr\u00e9cis\u00e9ment \u00e0 la performance et aux formes nouvelles d\u2019arts amen\u00e9es par Fluxus qui ont permis l\u2019entr\u00e9e du num\u00e9rique dans la sc\u00e9narisation artistique.<\/p>\n<p style=\"text-align: justify\">La performance est n\u00e9e en Allemagne au d\u00e9but du XX\u00e8me si\u00e8cle avant de trouver ses lettres de noblesse dans les ann\u00e9es 1950 aux \u00c9tats-Unis avec le mouvement Fluxus. C\u2019est \u00e0 cette m\u00eame p\u00e9riode qu\u2019on va d\u2019ailleurs commencer \u00e0 utiliser le terme \u00ab\u00a0happening \u00bb pour d\u00e9signer la performance artistique.<\/p>\n<p style=\"text-align: justify\">\n<p style=\"text-align: justify\" align=\"justify\">L\u2019histoire de l\u2019Art consid\u00e8re aujourd\u2019hui que le premier happening est <em>Untitled Event<\/em> pr\u00e9sent\u00e9 par John Cage en 1952 au Black Mountain College avec la participation de Merce Cuningham, David Tudor, Robert Rauschenberg et Jay Watt. C\u2019est en partie l\u2019h\u00e9ritage des happenings de Fluxus que nous retrouvons aujourd\u2019hui au centre des exp\u00e9rimentations num\u00e9riques mais pas seulement. La danse contemporaine est aussi, depuis les ann\u00e9es 1980, un laboratoire pour toutes sortes d\u2019exp\u00e9rimentations, et notamment les exp\u00e9rimentations num\u00e9riques.<\/p>\n<p style=\"text-align: justify\" align=\"justify\">A partir des ann\u00e9es 1960, le chor\u00e9graphe Merce Cunningham a \u00e9t\u00e9 le premier \u00e0 introduire l&#8217;usage des technologies num\u00e9riques dans la danse. C&#8217;est \u00e0 ce moment-l\u00e0 que s&#8217;amorce le changement ! Les technologies num\u00e9riques ne sont plus seulement des dispositifs de transmission ou de captation des performances artistiques, mais elles deviennent des dispositifs de cr\u00e9ation \u00e0 part enti\u00e8re.<\/p>\n<p style=\"text-align: justify\" align=\"justify\">En 1965, Merce Cunningham cr\u00e9\u00e9 la premi\u00e8re pi\u00e8ce m\u00ealant danse et technologie num\u00e9rique en collaboration avec l&#8217;artiste plasticien Nam June Paik et le compositeur John Cage. Cette derni\u00e8re est intitul\u00e9e <em>Variations V.<br \/>\n<\/em>Le dispositif consiste \u00e0 placer des capteurs sur le corps des danseurs afin que leurs mouvements d\u00e9clenchent des \u00e9v\u00e9nements musicaux.<\/p>\n<p style=\"text-align: justify\" align=\"justify\">Toutefois, il n&#8217;y a pas que Merce Cunningham qui a exp\u00e9riment\u00e9 le num\u00e9rique dans les arts vivants. Plus tard, dans les ann\u00e9es 1970, en Europe cette fois, c&#8217;est le metteur en sc\u00e8ne belge Fr\u00e9d\u00e9ric Flammand qui cr\u00e9a un centre de recherche multi-arts nomm\u00e9 le <em>Plan K.<\/em> Les recherches de ce centre sont bas\u00e9es sur l\u2019interaction entre l&#8217;homme et la machine, ce qu&#8217;il appelle le<em> corps-mati\u00e8re<\/em> et le<em> corps-image<\/em>. Le but final de ces \u00e9tudes est de mettre en place une interface permettant le m\u00e9lange de toutes les disciplines des arts vivants autour des technologies num\u00e9riques.<\/p>\n<p style=\"text-align: justify\" align=\"justify\">Revenons \u00e0 Merce Cunningham : sa premi\u00e8re exp\u00e9rimentation notable fut la cr\u00e9ation en 1989\u00a0du logiciel Life Forms ; issue d&#8217;une collaboration entre le chor\u00e9gra<span style=\"font-size: 1rem\">phe et une \u00e9quipe am\u00e9ricaine de chercheur\u00a0<\/span><span style=\"font-size: 1rem\">e<\/span><span style=\"font-size: 1rem\">n informatique. Ce logiciel a pour but d&#8217;\u00e9crire des mouvements chor\u00e9graphiques en trois \u00e9tapes. La premi\u00e8re est d&#8217;enregistrer des encha\u00eenement<\/span><span style=\"font-size: 1rem\">s \u00e0 partir d&#8217;un processus informatique. La deuxi\u00e8me \u00e9tape consiste \u00e0 g\u00e9n\u00e9rer une chor\u00e9graphie al\u00e9atoire\u00a0<\/span><span style=\"font-size: 1rem\">\u00e0 partir de ces mouvements pr\u00e9-enregistr\u00e9s.<\/span><span style=\"font-size: 1rem\">\u00a0L&#8217;al\u00e9atoire \u00e9tant u<\/span><span style=\"font-size: 1rem\">n des \u00e9l\u00e9ments cl\u00e9s dans le processus de cr\u00e9ation du chor\u00e9graphe. Enfin, la derni\u00e8re et troisi\u00e8me \u00e9tape consiste quant \u00e0 elle \u00e0 cr\u00e9er des images gr\u00e2ce \u00e0 des capteurs de mouvements plac\u00e9s sur les<\/span><span style=\"font-size: 1rem\">\u00a0danseurs.\u00a0<\/span><\/p>\n<figure id=\"attachment_77\" aria-describedby=\"caption-attachment-77\" style=\"width: 300px\" class=\"wp-caption aligncenter\"><img decoding=\"async\" loading=\"lazy\" class=\"wp-image-77 size-medium\" style=\"text-align: justify\" src=\"http:\/\/mooc3.politechnicart.net\/numartperf\/wp-content\/uploads\/sites\/4\/2018\/05\/iw4cbrmakttpyxwxvijo-300x226.jpg\" alt=\"\" width=\"300\" height=\"226\" srcset=\"http:\/\/mooc3.politechnicart.net\/numartperf\/wp-content\/uploads\/sites\/4\/2018\/05\/iw4cbrmakttpyxwxvijo-300x226.jpg 300w, http:\/\/mooc3.politechnicart.net\/numartperf\/wp-content\/uploads\/sites\/4\/2018\/05\/iw4cbrmakttpyxwxvijo.jpg 633w\" sizes=\"(max-width: 300px) 100vw, 300px\" \/><figcaption id=\"caption-attachment-77\" class=\"wp-caption-text\">Capture d&#8217;\u00e9cran du logiciel Life Forms<\/figcaption><\/figure>\n<p style=\"text-align: justify\">Le spectacle le plus embl\u00e9matique cr\u00e9\u00e9 \u00e0 partir de ce logiciel est intitul\u00e9 <em><a href=\"http:\/\/www.ina.fr\/video\/CAC99046732\">Biped<\/a> <\/em>et fut pr\u00e9sent\u00e9 au public en 1999. A travers la technique du Motion Capture, le chor\u00e9graphe r\u00e9ussit \u00e0 m\u00e9langer sur sc\u00e8ne des danseurs en chair et en os avec des formes abstraites cr\u00e9es \u00e0 partir des mouvements des danseurs eux-m\u00eames.<\/p>\n<p style=\"text-align: justify\">Enfin, on peut citer certaines compagnies ou projets artistiques comme la compagnie Palindrome. Cette derni\u00e8re est compos\u00e9e de danseurs, de chor\u00e9graphes, de musiciens et de scientifiques. Depuis les ann\u00e9es 1990, elle d\u00e9fend le fait que la technologie doit \u00eatre utilis\u00e9e dans le domaine artistique. Cette collaboration inter-disciplinaire repose sur le fait que le domaine artistique et le domaine num\u00e9rique doivent avant tout cr\u00e9er un dialogue afin\u00a0 de se nourrir l&#8217;un de l&#8217;autre !<\/p>\n<p style=\"text-align: justify\">Pour r\u00e9sumer ce module, on peut dire que depuis les ann\u00e9es 1960 l&#8217;\u00e9volution quant \u00e0 l&#8217;utilisation du num\u00e9rique s&#8217;est faite de diff\u00e9rentes mani\u00e8res. On a d&#8217;abord assist\u00e9 \u00e0 l&#8217;arriv\u00e9e de technologies num\u00e9riques sur sc\u00e8ne sous la forme d&#8217;interface projetant des images ou \u00e9mettant des sons ou de la musique. La plus grande avanc\u00e9e fut toutefois l&#8217;arriv\u00e9e du num\u00e9rique sur le corps m\u00eame du danseur avec la technique du Motion Capture comme on a pu le voir avec notre cher Merce Cunningham !<\/p>\n<p><img decoding=\"async\" class=\"aligncenter\" src=\"https:\/\/media.giphy.com\/media\/3ov9jXFoDCPKdFAlbO\/giphy.gif\" \/><\/p>\n","protected":false},"excerpt":{"rendered":"<p>Module I : La naissance de la performance et de l&#8217;exp\u00e9rimentation num\u00e9rique Nous allons revenir en arri\u00e8re ensemble afin de &hellip; <\/p>\n<p class=\"link-more\"><a href=\"http:\/\/mooc3.politechnicart.net\/numartperf\/module-i\/\" class=\"more-link\">Continuer la lecture<span class=\"screen-reader-text\"> de &laquo;&nbsp;Module I&nbsp;&raquo;<\/span><\/a><\/p>\n","protected":false},"author":4,"featured_media":0,"parent":0,"menu_order":0,"comment_status":"closed","ping_status":"closed","template":"","meta":{"footnotes":""},"_links":{"self":[{"href":"http:\/\/mooc3.politechnicart.net\/numartperf\/wp-json\/wp\/v2\/pages\/51"}],"collection":[{"href":"http:\/\/mooc3.politechnicart.net\/numartperf\/wp-json\/wp\/v2\/pages"}],"about":[{"href":"http:\/\/mooc3.politechnicart.net\/numartperf\/wp-json\/wp\/v2\/types\/page"}],"author":[{"embeddable":true,"href":"http:\/\/mooc3.politechnicart.net\/numartperf\/wp-json\/wp\/v2\/users\/4"}],"replies":[{"embeddable":true,"href":"http:\/\/mooc3.politechnicart.net\/numartperf\/wp-json\/wp\/v2\/comments?post=51"}],"version-history":[{"count":7,"href":"http:\/\/mooc3.politechnicart.net\/numartperf\/wp-json\/wp\/v2\/pages\/51\/revisions"}],"predecessor-version":[{"id":104,"href":"http:\/\/mooc3.politechnicart.net\/numartperf\/wp-json\/wp\/v2\/pages\/51\/revisions\/104"}],"wp:attachment":[{"href":"http:\/\/mooc3.politechnicart.net\/numartperf\/wp-json\/wp\/v2\/media?parent=51"}],"curies":[{"name":"wp","href":"https:\/\/api.w.org\/{rel}","templated":true}]}}