{"id":4,"date":"2018-02-07T15:47:51","date_gmt":"2018-02-07T14:47:51","guid":{"rendered":"http:\/\/mooc3.politechnicart.net\/teambuzz\/lp-cart\/"},"modified":"2018-05-10T15:52:35","modified_gmt":"2018-05-10T13:52:35","slug":"module-1-2","status":"publish","type":"page","link":"http:\/\/mooc3.politechnicart.net\/teambuzz\/module-1-2\/","title":{"rendered":"MODULE 2"},"content":{"rendered":"<h1>A CHACUN SON ECOUTE<\/h1>\n<p>Le nombre de plateformes d&#8217;\u00e9coute de musiques en ligne s&#8217;est multipli\u00e9 ces derni\u00e8res ann\u00e9es. Chacune d&#8217;entre elles dispose de sp\u00e9cificit\u00e9s et propose des dispositifs d&#8217;\u00e9coute particuliers. Nous allons donc, ici, vous pr\u00e9senter les principaux services de musique en streaming.<\/p>\n<h3>SPOTIFY<\/h3>\n<p>Spotify est un logiciel d&#8217;\u00e9coute de musique en ligne d\u00e9velopp\u00e9 depuis 2006 par Spotify AB \u00e0 Stockholm en Su\u00e8de, dont le fondateur est Daniel Ek. Ce logiciel a \u00e9t\u00e9 mis \u00e0 disposition des utilisateurs en octobre 2008. Spotify est, aujourd&#8217;hui, le leader mondial en terme de streaming musical. La plateforme regroupe pas moins de 170 millions d&#8217;utilisateurs mensuels, dont 75 millions d&#8217;abonn\u00e9s. Le 3 avril 2018, Spotify entre \u00e0 la Bourse de New York d\u00e9terminant la valeur de la soci\u00e9t\u00e9 \u00e0 29,5 milliards de dollars. Elle dispose d&#8217;un catalogue de plus de 30 000 000 de titres. Spotify a notamment r\u00e9ussi \u00e0 s&#8217;imposer sur ce march\u00e9 gr\u00e2ce au d\u00e9veloppement de son application mobile, efficace et intuitive, qui a attir\u00e9 un grand nombre d&#8217;utilisateurs, les autres plateformes \u00e9tant un peu en retard sur ce point.<\/p>\n<p>Une des r\u00e9ussite de Spotify se trouve dans son algorithme de propositions d&#8217;\u00e9coute pour l&#8217;utilisateur. En effet, avec\u00a0<em>Discover Weekly\u00a0<\/em>(<em>Les D\u00e9couvertes de la semaine<\/em>), Spotify propose chaque semaine \u00e0 l&#8217;auditeur une playlist personnalis\u00e9e compos\u00e9e de 30 morceaux. Le logiciel se base donc principalement sur l&#8217;historique d&#8217;\u00e9coute, et plus particuli\u00e8rement les titres \u00e9cout\u00e9s r\u00e9cemment. Ensuite, la plateforme va comparer le r\u00e9sultat avec ceux pr\u00e9sents dans les playlists d&#8217;autres utilisateurs en en scannant des millions. Ils associent un tag \u00e0 chaque musique, selon la tonalit\u00e9 ou bien les types d&#8217;instruments et vont \u00e9galement fouiller sur les blogs et autres plateformes disponibles sur le Web pour voir si un titre y est mentionn\u00e9 et donc d\u00e9terminer quels morceaux sont associ\u00e9s \u00e0 celui-ci par les gens qui en parlent ou qui l&#8217;\u00e9coutent.<\/p>\n<p>La plateforme propose \u00e0 ses utilisateurs une version gratuite, imposant donc de nombreuses publicit\u00e9s audio durant l&#8217;\u00e9coute. Pour \u00e9viter cela, les auditeurs ont acc\u00e8s \u00e0 une offre Premium co\u00fbtant 9,99\u20ac, d&#8217;un forfait Famille \u00e0 14,99\u20ac permettant la cr\u00e9ation de 5 comptes.<\/p>\n<h3>DEEZER<\/h3>\n<p>Deezer est surement le principal concurrent de la plateforme su\u00e9doise et le leader en France. Ce service d&#8217;\u00e9coute en ligne a \u00e9t\u00e9 cr\u00e9\u00e9 en 2007 en France par Daniel Marhely et Jonathan Benassaya. Le site rassemble environ 43 000 000 de titres disponibles et d\u00e9nombre 10 millions d&#8217;abonn\u00e9s \u00e0 travers le monde. L&#8217;offre de Deezer repose sur l&#8217;achat des catalogues des quatre principaux labels de musique ainsi que plus de 2 000 labels ind\u00e9pendants.<\/p>\n<p>Deezer parvient \u00e0 garder une place \u00e9lev\u00e9e dans le secteur de l&#8217;\u00e9coute de musique en ligne gr\u00e2ce \u00e0 une diff\u00e9renciation par le biais de contenus originaux, tels que leurs podcasts sur la musique le foot ou encore la politique. Les syst\u00e8mes de recommandations, relativement similaires \u00e0 ceux de Spotify, lui permettent de tenir t\u00eate au leader mondial.<\/p>\n<p>Le site web propose une formule gratuite permettant une \u00e9coute illimit\u00e9e sur ordinateur et tablette, ainsi qu&#8217;un abonnement au m\u00eame prix que Spotify offrant une \u00e9coute illimit\u00e9e \u00e9galement sur mobile, de meilleure qualit\u00e9 et sans publicit\u00e9s.<\/p>\n<h3>TIDAL<\/h3>\n<p>C&#8217;est la soci\u00e9t\u00e9 su\u00e9doise Aspiro qui est \u00e0 l&#8217;initiative de Tidal avec le lancement du service en 2014 uniquement en Su\u00e8de. En 2015, la plateforme est rachet\u00e9e par Jay-Z, rappeur am\u00e9ricain dont la r\u00e9putation n&#8217;est plus \u00e0 faire, pour un montant de 56 millions de dollars. Elle contient 40 000 000 de titres et 130 000 clips vid\u00e9o et rassemble environ 3 millions d&#8217;abonn\u00e9s payants.<\/p>\n<p>La ligne directrice de Tidal est dans son rapport aux artistes. En effet, elle rivalise avec ses concurrents sur ce point en promettant une meilleure redistribution aux artistes et maisons de disques (majors et labels ind\u00e9pendants) en ayant fixer \u00e0 75% la proportion des revenus vers\u00e9s contre 70% pour Spotify et Deezer. C&#8217;est dans cette optique l\u00e0 que Jay-Z s&#8217;est lanc\u00e9 dans ce march\u00e9, dans l&#8217;objectif que la part belle soit faite aux artistes et non \u00e0 la plateforme. Jay-Z a d&#8217;ailleurs expliquer :\u00a0\u00ab\u00a0<i>C&#8217;est une plate-forme qui appartient aux artistes. Nous traitons ces personnes pour qui la musique compte vraiment avec le plus grand des respects. <\/i>\u00bb De cette fa\u00e7on, une majorit\u00e9 des parts de l&#8217;entreprise sont d\u00e9tenues par des artistes. Tidal a \u00e9galement la particularit\u00e9 de disposer de l&#8217;exclusivit\u00e9 de certaines sorties d&#8217;artistes \u00e0 la renomm\u00e9e internationale tels que Beyonc\u00e9, Taylor Swift, Jay-Z lui m\u00eame ou encore Ad\u00e8le. Il est aussi un des rares sites de streaming \u00e0 proposer des clips et des concerts.<\/p>\n<p>La plateforme ne propose pas d&#8217;offre gratuite mais un abonnement \u00e0 19,99$ par mois, ainsi qu&#8217;un autre abonnement premium \u00e0 9,99$ mais permettant une qualit\u00e9 sonore moindre.<\/p>\n<h3>SOUNDCLOUD<\/h3>\n<p>Soundcloud a \u00e9t\u00e9 fond\u00e9 en 2007 par le designer sonore Alex Ljung et Eric Wahlforss en Su\u00e8de \u00e9galement, mais le si\u00e8ge social se trouve d\u00e9sormais \u00e0 Berlin. La plateforme ne joue pas sur le m\u00eame tableau que les pr\u00e9c\u00e9dentes, elle a pour but de diffuser principalement les projets musicaux des utilisateurs. C&#8217;est donc un service plus amateur que les autres. Pourtant, il compte pas moins de 250 millions d&#8217;utilisateurs et propose un catalogue de plus de 125 000 000 de titres disponibles \u00e0 l&#8217;\u00e9coute. Il est particuli\u00e8rement int\u00e9ressant lorsque l&#8217;on est friand de nouveaut\u00e9s et de d\u00e9couvertes.<\/p>\n<p>Il existe un seul abonnement \u00e0 9,99\u20ac par mois permettant de b\u00e9n\u00e9ficier d&#8217;une \u00e9coute sans publicit\u00e9, en hors-ligne et de certains titres non disponibles gratuitement.<\/p>\n<h3>APPLE MUSIC<\/h3>\n<p>Apple Music est un syst\u00e8me de musique \u00e0 la demande d\u00e9velopp\u00e9 par Apple et disponible depuis juin 2015. En terme de catalogue, elle reste semblable \u00e0 Spotify et Deezer avec 30 000 000 de titres disponibles. Les offres sont les m\u00eames que pour les deux autres. Elle propose la fonction\u00a0<em>My Music<\/em>, qui est sur le m\u00eame syst\u00e8me de recommandation que Netflix, permettant de regrouper des musiques susceptibles d&#8217;\u00eatre en accord avec les go\u00fbts musicaux de l&#8217;abonn\u00e9, ainsi qu&#8217;une radio disponilble 24h\/24 et 7j\/7.<\/p>\n<h3>NAPSTER<\/h3>\n<p>Napster est un des pionniers de service d&#8217;\u00e9coute de musique en ligne, lanc\u00e9 en 1999. Au d\u00e9but relativement ill\u00e9gale, elle est aujourd&#8217;hui une plateforme appartenant aux soci\u00e9t\u00e9s am\u00e9ricaine Best Buy et Rhapsody. Elle dispose uniquement d&#8217;un service payant comme Tidal et propose un catalogue plut\u00f4t complet. Elle n&#8217;a cependant pas vraiment de point distinctif par rapport aux autres, ce qui ne lui permet pas de les concurrencer.<\/p>\n<h3><\/h3>\n<p>&nbsp;<\/p>\n<p>&nbsp;<\/p>\n","protected":false},"excerpt":{"rendered":"<p>A CHACUN SON ECOUTE Le nombre de plateformes d&#8217;\u00e9coute de musiques en ligne s&#8217;est multipli\u00e9 ces derni\u00e8res ann\u00e9es. Chacune d&#8217;entre [&hellip;]<\/p>\n","protected":false},"author":35,"featured_media":62,"parent":0,"menu_order":3,"comment_status":"closed","ping_status":"closed","template":"","meta":{"footnotes":""},"_links":{"self":[{"href":"http:\/\/mooc3.politechnicart.net\/teambuzz\/wp-json\/wp\/v2\/pages\/4"}],"collection":[{"href":"http:\/\/mooc3.politechnicart.net\/teambuzz\/wp-json\/wp\/v2\/pages"}],"about":[{"href":"http:\/\/mooc3.politechnicart.net\/teambuzz\/wp-json\/wp\/v2\/types\/page"}],"author":[{"embeddable":true,"href":"http:\/\/mooc3.politechnicart.net\/teambuzz\/wp-json\/wp\/v2\/users\/35"}],"replies":[{"embeddable":true,"href":"http:\/\/mooc3.politechnicart.net\/teambuzz\/wp-json\/wp\/v2\/comments?post=4"}],"version-history":[{"count":12,"href":"http:\/\/mooc3.politechnicart.net\/teambuzz\/wp-json\/wp\/v2\/pages\/4\/revisions"}],"predecessor-version":[{"id":67,"href":"http:\/\/mooc3.politechnicart.net\/teambuzz\/wp-json\/wp\/v2\/pages\/4\/revisions\/67"}],"wp:featuredmedia":[{"embeddable":true,"href":"http:\/\/mooc3.politechnicart.net\/teambuzz\/wp-json\/wp\/v2\/media\/62"}],"wp:attachment":[{"href":"http:\/\/mooc3.politechnicart.net\/teambuzz\/wp-json\/wp\/v2\/media?parent=4"}],"curies":[{"name":"wp","href":"https:\/\/api.w.org\/{rel}","templated":true}]}}